 + 20. Suppose -h*t + 98 = 3. Suppose -n + 3*i + 86 = 0, 3*n - 237 = 4*i + 36. What is the greatest common factor of n and t?
19
Let d be (-8 - -7)*41/(-1). Suppose s - 19 = -2*k, 2*k - d = -2*k - s. What is the greatest common divisor of 22 and k?
11
Let q be 1 - 7 - -3 - -21. Calculate the greatest common factor of q and 9.
9
Suppose -2*v + i + 0*i = -10, -4 = -2*v + 4*i. What is the highest common divisor of 24 and v?
6
Suppose o + z - 6 = 0, -4*o = -2*o + 3*z - 10. Let m(j) = -j**3 + 9*j**2 - 5*j - 9. Let u be m(o). What is the highest common divisor of u and 15?
15
Let i(z) be the third derivative of 0*z - 2*z**2 + 7/24*z**4 + 0 + z**3 + 1/60*z**5. Let k be i(-7). What is the greatest common factor of 15 and k?
3
Let j(l) = -l**3 - 8*l**2 - 2*l - 10. Let b be j(-9). Let c = -49 + b. Calculate the greatest common divisor of 16 and c.
8
Let b = 2 + 0. Suppose 2 = 2*p - b. Calculate the greatest common divisor of p and 2.
2
Suppose 22 = -2*w + 4*w. Let q(i) = i**3 - 11*i**2 + i + 6. Let n be q(w). Let p be n + 3/(-9)*0. Calculate the highest common divisor of p and 17.
17
Suppose -113 = -l - 4*i, 0 = -3*l + i + 323 + 42. Suppose -3*n - 2*c + 31 = -0*c, -5*n - 5*c = -50. What is the greatest common factor of l and n?
11
Let h = 23 - 42. Let u = 2 - h. Let j(a) = 5*a**2 - 2*a - 2. Let d be j(2). Calculate the greatest common divisor of u and d.
7
Suppose 10*o - 160 = 2*o. Calculate the greatest common factor of 40 and o.
20
Let m = 116 + -76. Calculate the highest common factor of m and 8.
8
Suppose 3*h - 12 - 24 = 0. Let j(r) = -r**2 + 10*r + 8. Let f be j(8). Calculate the highest common factor of f and h.
12
Let h(k) = -k**3 + 11*k**2 - 6*k - 10. Let v be h(7). Let f = v - 96. Let d(i) = -i. Let l be d(-6). What is the greatest common divisor of l and f?
6
Suppose 0*y - y + 30 = 4*q, 0 = -y - q + 21. Let p be y/4*(-4)/(-3). Calculate the highest common factor of p and 2.
2
Let t(a) = 124*a**2 + a. Let v be 2/6 - (-2)/3. Let o be t(v). Suppose -m + o = 4*m. What is the greatest common factor of m and 10?
5
Suppose 34*t = 32*t + 32. Suppose 0 = -3*m + 157 + 371. What is the greatest common factor of t and m?
16
Let b be 4/26 - 128/(-13). What is the highest common divisor of b and 40?
10
Let d = 7 - 6. Suppose -3*g + 8 = -d. Suppose 0 = 5*b - 20, g*w = 7*b - 2*b + 1. Calculate the highest common divisor of w and 28.
7
Let t = -296 - -394. Let f = -4 + 6. Suppose g - 16 = -f. Calculate the greatest common factor of g and t.
14
Let d be 2*2/(-24) - 4330/(-60). What is the highest common factor of d and 18?
18
Let k be (-1)/(2/6) + 8. Suppose -1 = -k*a + 19. Calculate the highest common factor of 36 and a.
4
Let g be (12/10)/(21/70). Suppose -g*c + c = -3. What is the greatest common factor of 5 and c?
1
Suppose -a - a = 0. Suppose 3*h + a = 6. Suppose -5*p + 85 = -5*z, -4*p - h*z + 98 = -0*z. What is the greatest common divisor of p and 55?
11
Let x(r) = 0*r + 3*r + 11*r - 3. Let t be x(2). What is the greatest common factor of t and 5?
5
Suppose 0*x = 3*q - x - 35, -25 = -5*q - 5*x. Let o be 202/10 - 2/q. What is the greatest common divisor of 8 and o?
4
Let n be -1*(5 + -2) + 27. Let f(h) = -8*h**3 - h**2 - h + 6. Let o be f(-3). Calculate the highest common factor of o and n.
24
Suppose -5*h + 2*i + 404 = 0, 2*h - h = -3*i + 74. Suppose j = -2*k + 60, 3*j = -5*k - j + 144. What is the highest common factor of h and k?
16
Let z = 75 + -36. Let t(d) = -d**2 - 6*d - 3. Let b be t(-5). Suppose 0 = -5*p - 4*v + 77, 53 = 5*p - 2*v - b*v. What is the greatest common divisor of p and z?
13
Let w = 3 + 0. Let b = w + 1. Suppose -5*q + 148 = -3*y, -13 = b*q + y - 145. Calculate the greatest common divisor of q and 48.
16
Let o(x) = 16*x - 5. Let l = 1 + 5. Let t be o(l). Calculate the highest common factor of 13 and t.
13
Let w = 19 + -7. What is the highest common factor of 132 and w?
12
Let z be 3*(5 - 34/(-6)). Let a(p) = -p**2 + 5*p. Let f be a(4). What is the greatest common divisor of f and z?
4
Suppose -l + 5 = 0, 0*d - 35 = -3*d - l. Let q(k) = 4*k - 13. Let a be q(d). Calculate the highest common divisor of a and 18.
9
Let s(h) = -h**3 + 8*h**2 - 3*h + 7. Let k be s(7). What is the greatest common factor of k and 14?
7
Let t be 2 - (-10)/(-4) - (-108)/8. What is the highest common divisor of 208 and t?
13
Let b(r) = -r**2 - 10*r - 11. Let j be b(-7). What is the highest common factor of 110 and j?
10
Let o be (-2)/((1 - 2)/(-1)). Let v = o - 2. Let u be v/(4/(-39)) - -1. What is the highest common divisor of 5 and u?
5
Let g(h) = -199*h - 1. Let x be g(-1). Let f = 11 - 6. Suppose 21 = -f*l + 111. What is the greatest common divisor of l and x?
18
Let s be ((-580)/(-8))/(-5)*(-13 + -1). Calculate the highest common factor of 29 and s.
29
Let x(c) = -c**2 - 14*c - 10. Let h be x(-7). What is the highest common divisor of 26 and h?
13
Suppose 2*u = -2*u + 3*a + 264, 2*u = a + 132. Calculate the greatest common factor of u and 44.
22
Let x = 4 - 1. Let y be 3*(5/x - -3). Calculate the highest common divisor of y and 14.
14
Let b(x) = 5 + 4*x - 4 + 3*x**2 - 2. Let p be b(-3). Let n be -4 - (-8 + 0) - -122. What is the highest common divisor of p and n?
14
Let g(k) = 3*k - 3. Let u(b) = -5*b + 5. Let p(m) = -11*g(m) - 6*u(m). Let i be p(-3). What is the greatest common divisor of 18 and i?
6
Suppose 3*w - 176 - 49 = 0. Calculate the greatest common divisor of 15 and w.
15
Suppose -3*k = 4*a + 4, 0 = k - 2*a - 2 - 10. What is the highest common divisor of k and 4?
4
Let i be 0/(6/(-2 - 1)). Let n be (-1 - i)*(-2 + -2). Calculate the highest common divisor of 36 and n.
4
Let k = -2 + 23. Suppose 0 = 7*y - 3*y - 56. Calculate the greatest common factor of k and y.
7
Let q = -212 + 475. Let j = q + -83. Suppose -5*d + j = z, 3*d + z - 72 = d. Calculate the greatest common divisor of 4 and d.
4
Suppose 0 = 4*d - 0*d - 504. What is the highest common factor of d and 18?
18
Let k be ((-96)/8)/(1*-2). Suppose -x - 2*j + 107 = -k*j, 5*x - 3*j - 484 = 0. What is the highest common divisor of x and 19?
19
Let i(m) = -m - 2. Let s be i(-7). Let r = 8 + s. What is the highest common divisor of 26 and r?
13
Let l be 2 + 2*15/6. Let c = -10 + l. Let r be 7/1*(-6)/c. Calculate the highest common divisor of r and 21.
7
Let v(z) = z**2 - 4*z + 4. Let k be v(5). Let y(g) = -g**2 + 12*g - 7. Let m be y(k). Calculate the highest common factor of 10 and m.
10
Suppose -4*f + 476 = g - 97, 5*f + 5*g - 720 = 0. Suppose i = 3*i - 406. Let b = i - f. What is the greatest common divisor of b and 12?
12
Let t = -1 - -17. Let a = 90 + 90. Suppose 0 = -0*r + 2*r - 5*o - a, 2*r + o - 156 = 0. Calculate the highest common factor of t and r.
16
Let u be -1*(-4)/(-2) - -13. Let d(m) = m - 4*m**2 + u*m**3 + 2 + m**2 - 9*m**3. Let i be d(2). Calculate the highest common divisor of i and 12.
4
Let o(v) = 10*v. Let y be o(8). Suppose 0 = 2*q - 10. Suppose 2 = -0*k + 2*k, -k + 51 = q*i. Calculate the greatest common factor of y and i.
10
Let s(b) = 0*b**2 + 5*b**2 + 4*b - 5*b. Let i = -12 - -13. Let c be s(i). What is the highest common factor of c and 32?
4
Let g(k) = -k - 4. Let d be g(-5). Suppose 3*c = -m + 22, -4*c - 3 = -2*m - 9. What is the greatest common factor of d and m?
1
Let m(b) = 13*b**3 + 1. Let t be m(1). Suppose 131 + 345 = -2*s + 4*d, -3*s + 4*d = 714. Let i = -84 - s. What is the greatest common divisor of t and i?
14
Let o = -17 + 30. Suppose 0*h + 4*h - 364 = 0. Calculate the highest common factor of h and o.
13
Suppose 63 - 39 = 3*b. Let n = -11 - -19. Calculate the greatest common factor of n and b.
8
Let p(n) = n**3 + 8*n**2 + 8*n + 13. Let r be p(-7). Calculate the greatest common divisor of 42 and r.
6
Suppose 8*d - 188 = 44. What is the highest common factor of d and 145?
29
Let s be 0/(-1) + 1 + -1. Let n = 0 - s. Suppose n*w + w = 48. Calculate the greatest common divisor of 12 and w.
12
Let m be -3 - (-2 - 0)*7. Let t(a) = a**2 - 7*a - 12. Let n be t(m). Let k be -1 - (-18)/(2 + 0). What is the highest common factor of n and k?
8
Let c(u) = u - 5. Let q be c(8). Let a = 4 - q. Let t be (a + -3)*-1*2. Calculate the greatest common factor of t and 8.
4
Suppose 43 = 2*u - 11. Calculate the greatest common divisor of 18 and u.
9
Suppose l + 40 - 108 = 0. 